et q be 1/2 - -7*6/(-84). Suppose q = 7*c + 2565 - 12470. List the prime factors of c.
5, 283
Suppose 35*f - 30*f - 18555 = -5*d, -2*f = -3*d + 11148. What are the prime factors of d?
2, 3, 619
Let x = 15057 + 10833. What are the prime factors of x?
2, 3, 5, 863
Let p(d) = -11*d - 17. Let n be p(29). Let b = -125 - n. List the prime factors of b.
211
Let w(m) = 2*m + 0*m - m - 18 - 12*m**2 + 6*m + m**3. Let d be w(12). Suppose -10*q = -7*q - d. What are the prime factors of q?
2, 11
Suppose -3*i + 34 = 31, 0 = -5*z - 4*i - 31. Let k = 947 - z. What are the prime factors of k?
2, 3, 53
Suppose 31*w = 565053 + 328150. List the prime factors of w.
28813
Let d be 5*500/2 + 1. Suppose -8*l - l + d = 0. Let q = -66 + l. What are the prime factors of q?
73
Let u(c) = -4*c**3 - 44*c**2 + 89*c + 46. What are the prime factors of u(-22)?
2, 2423
Let i = -44 + -34. Let j = 49 + i. Let h = j - -96. What are the prime factors of h?
67
Let k(n) be the second derivative of -15*n**3 - 5*n**2/2 - 15*n. Let g be k(-3). Suppose 3*w + 2*w - g = 0. What are the prime factors of w?
53
Let l = -64 - -84. Suppose -c - 4*c = 4*m - 3510, -l = 4*m. List the prime factors of c.
2, 353
Let b = -9943 + 18639. What are the prime factors of b?
2, 1087
Let y(f) = f**2 - 5*f + 3. Let p be y(3). List the prime factors of p*(-1733)/6 + 6/(-4).
5, 173
Let o be (-40)/(-60)*(-27)/6. Suppose t + t = 2*g - 24, 2*t + 5*g - 11 = 0. List the prime factors of t/((-4)/(-108)*o).
3, 7
Let f(j) be the second derivative of 1/3*j**3 + 21/2*j**2 - 11/12*j**4 - 17*j + 0 - 1/20*j**5. What are the prime factors of f(-12)?
3, 47
Suppose 0 = 3*f - h - 64509, 909*h = -2*f + 904*h + 42972. List the prime factors of f.
3, 2389
Suppose 0 = -2*q - 4*a + 8*a - 340, -3*a = 0. What are the prime factors of (-2381)/(-10) + 17/q?
2, 7, 17
Let i be 488 - (6/9)/((-1)/(-3)). Suppose -14*a = -17*a - i. What are the prime factors of 0 - a - (-2 + -1)?
3, 5, 11
Let a(p) = p**2 + 9*p + 8. Suppose -5*k - 4*g - 20 = 0, -4*k = g - 4*g + 47. Let b be a(k). Suppose 3*c + 182 - 506 = b. List the prime factors of c.
2, 3
List the prime factors of (-31400)/(-471)*(-1284)/(-10).
2, 5, 107
Suppose 2*h = 5*x - 7*x + 5040, 12606 = 5*h + 3*x. What are the prime factors of h/145*20/1?
2, 3, 29
Let i be ((7 + -8)/(-1))/(1/7). Let g be (-4)/(-14) - (-1853)/i. Suppose 4*o - g = 179. What are the prime factors of o?
3, 37
Let c = 26 - 11. Let v(l) = -2*l**3 + 32*l**2 - 26*l + 38. Let z(a) = a**3 - 16*a**2 + 13*a - 19. Let t(w) = -4*v(w) - 9*z(w). List the prime factors of t(c).
7
Let q(k) = 1329*k**2 - 495*k - 22. What are the prime factors of q(-7)?
2, 61, 281
Suppose -9*k = -11*k. Suppose k = n - 11 + 6. Suppose n*b + 0*b - 738 = 2*d, 5*d = -b + 126. What are the prime factors of b?
2, 73
Let p = 2139 - 1421. Suppose -2*h = -o + 371 - 1752, 0 = -h - 5*o + p. List the prime factors of h.
3, 7, 11
Suppose -33*c - 4*x - 28724 = -34*c, 5*c - 3*x - 143637 = 0. What are the prime factors of c?
2, 3, 7, 19
Let q(u) = 2*u**2 + 26*u - 60. Let w be q(15). Let n = -440 + w. What are the prime factors of n?
2, 5, 17
Let v(u) = -u**2 - u. Let s(f) = -34*f**2 - 5*f + 2. Let g(k) = -s(k) + 2*v(k). Let o(r) = -r. Let t be o(-2). What are the prime factors of g(t)?
2, 3, 11
Suppose 0 = -9*v + 37612 - 22462 + 72150. What are the prime factors of v?
2, 5, 97
Let w(y) = -11*y**2 - 2*y + 1. Let t(g) = -12*g**2 - 3*g + 1. Let m(d) = 4*t(d) - 5*w(d). Let k be m(-1). Let l = 36 + k. What are the prime factors of l?
2, 11
Let y be (-2 - 6050/9) + 2/9. What are the prime factors of 4 + -4 - y/2?
337
Let m be (-4)/14 - (-3834)/189. Let n(o) = 15*o + 39 + 23 - m. List the prime factors of n(6).
2, 3, 11
Let r(x) = -532*x + 66 + 469*x - 207. What are the prime factors of r(-11)?
2, 3, 23
Let l be ((-3)/9)/(2*2/(-36)). Suppose -8*f + 13 = -l. Suppose 2*n + 4*i = 450, f*n - 500 = -i - 50. What are the prime factors of n?
3, 5
Let j = 16451 - 7085. List the prime factors of j.
2, 3, 7, 223
Suppose k = m + 8, -2*m - 24 = -5*k + 22. Suppose -k*w = -1748 - 252. Suppose -3*r + 5*r = w. What are the prime factors of r?
2, 5
Let r be (-8)/60 + 8056/120. Suppose 70*p - r*p = 2055. List the prime factors of p.
5, 137
Let d = -11724 - -23567. List the prime factors of d.
13, 911
Suppose -6*p = -5*p - 1. Let z be (-3)/(p*-6)*0. Suppose -3*y + 9*y - 516 = z. List the prime factors of y.
2, 43
Let b = 75 - 73. Let z be (0 + b)/(-3 + (-20)/(-7)). Let s(m) = -m**2 - 20*m - 3. What are the prime factors of s(z)?
3
Let x = 612 + -1276. Let o = 1272 + x. What are the prime factors of o?
2, 19
Let r(g) = 558*g**2 + 36*g - 500. What are the prime factors of r(11)?
2, 37, 911
Let c(k) = 19*k + 59. Let g(z) = -z - 1. Let r(b) = -c(b) + 4*g(b). List the prime factors of r(-37).
2, 197
Let f(a) = 344*a - 916. What are the prime factors of f(41)?
2, 3, 7, 157
Let n(h) = h**3 + 21*h**2 + 24*h + 14. Let j be n(-9). Let v be (j/(-21))/((-2)/3). Suppose -18*m + v = -7*m. What are the prime factors of m?
5
Suppose 0 = -3*a + 62 - 14. Let y(m) = 3*m**2 - 26*m - 22. List the prime factors of y(a).
2, 3, 5, 11
Suppose -6*q - 3855 = -p, 4*q = -14*p + 12*p + 7774. List the prime factors of p.
3, 431
Let i = -6439 + 8846. What are the prime factors of i?
29, 83
Suppose 314513 = 38*i + 66107. List the prime factors of i.
3, 2179
Let l(p) = -4*p - 20. Let n be (-1)/2 + 76/(-8) + 2. Let d be l(n). What are the prime factors of (d/(-8) + 1)/((-2)/192)?
2, 3
Suppose 10*l - 7*l = i + 2012, 0 = -5*l - 2*i + 3335. Suppose u + l = 4*u. What are the prime factors of u?
223
Let i = 53 + -63. Let f be (-5)/(-3)*2/i*-129. Suppose -4*h - 10 - f = -d, 4*d - 4*h = 224. List the prime factors of d.
3, 19
Let l(u) = -u**3 - 13*u**2 + 38*u + 24. Let a(r) = 2*r**2 - 3*r. Let y(c) = 5*a(c) + l(c). What are the prime factors of y(-11)?
739
Suppose -17*s + 223976 + 35207 = 54622. List the prime factors of s.
3, 7, 191
Let w(b) = 9*b**3 - 2*b**2 - 3*b + 7. Let d be w(2). Suppose -5*o = -d + 5. Suppose o*q + 636 = 18*q. List the prime factors of q.
2, 53
Suppose 445*y - 443*y = 2. Let r(n) = 1040*n - 12. What are the prime factors of r(y)?
2, 257
List the prime factors of (-1514487)/(-27) + ((-360)/(-81))/5.
56093
Suppose 3*f - 2*l - 69456 = 0, 2*f + 4*l - 234 = 46038. List the prime factors of f.
2, 3, 643
Let p(x) = -6*x - 19. Suppose -t + i + 0 + 5 = 0, -4*t = i - 40. Let b be p(t). Let n = b - -122. List the prime factors of n.
7
Let b be 0 - (-8)/(2 - 0). Let c = -86 - -91. Suppose -4*a + 92 = c*r, -r = b*a - 4*r - 60. List the prime factors of a.
2, 3
Let o(b) = 2323*b - 574. What are the prime factors of o(10)?
2, 3, 59
Let y = 16 - 18. List the prime factors of (-5 - 16254/(-30)) + y/(-10).
3, 179
Suppose -94420 = -59*i + 677546 + 317469. List the prime factors of i.
3, 5, 1231
Suppose -30*r + 7130 = -2710. Suppose r + 438 = 2*w. List the prime factors of w.
383
Suppose -2*o = -2*g + 3894 - 246, 2*o + 2*g = -3644. Let i = 2634 + o. What are the prime factors of i?
811
Let r be (-38)/12 + 1 + (-1)/(-6). Let b be (-7)/(r + (-21)/(-11)). Let w = b - -11. List the prime factors of w.
2, 11
Let y(p) = 2*p**2 - 2*p - 4*p - 3 + 4*p**3 + 7*p. Let i be y(1). Suppose 0 = -i*g - b + 929, 2*g + 3*b = -3*g + 1156. List the prime factors of g.
233
Let u = -122833 + 187186. What are the prime factors of u?
3, 19, 1129
Suppose -39*u + 48668 = -26*u - 77354. What are the prime factors of u?
2, 37, 131
Let f(d) = 42*d**2 + 78*d + 1414. List the prime factors of f(-20).
2, 11, 757
Suppose 1492*l - 1498*l - 24 = 0, -3*r + 120452 = -2*l. List the prime factors of r.
2, 10037
Suppose f = 4*h - 11, 3*f + 5*h + 9 = f. Let z(y) = -2*y**3 - 12*y**2 - 9*y + 16. What are the prime factors of z(f)?
3, 59
Suppose 2*o - 2*c = 10, -3 + 0 = c. Suppose 0 = o*t - h - 223, 0 = -5*t + h - 0*h + 550. List the prime factors of t.
109
Let c(t) = -t**2 + 7*t + 1. Let o = 25 + -18. Let y be c(o). Let n(z) = 81*z**2 - 4*z + 2. What are the prime factors of n(y)?
79
Let a = -3539 - -10060. List the prime factors of a.
6521
Let n = -11642 - -37383. List the prime factors of n.
25741
Suppose 8*f = -694 + 7350. Suppose 0 = -3*g + 5*g + 4*n - f, -2*n = 4. What are the prime factors of g?
2, 3, 5, 7
Let h(x) = 42*x + 2. Let p be h(-3). Let w = p - -350. Su